{"id":371,"date":"2024-02-12T10:40:10","date_gmt":"2024-02-12T10:40:10","guid":{"rendered":"https:\/\/intelligent-hodgkin.185-243-11-81.plesk.page\/?page_id=371"},"modified":"2024-02-20T15:00:59","modified_gmt":"2024-02-20T15:00:59","slug":"impressum","status":"publish","type":"page","link":"https:\/\/vd-experts.de\/?page_id=371","title":{"rendered":"Impressum"},"content":{"rendered":"\t\t<div data-elementor-type=\"wp-page\" data-elementor-id=\"371\" class=\"elementor elementor-371\" data-elementor-post-type=\"page\">\n\t\t\t\t<div class=\"elementor-element elementor-element-a8f9c22 e-flex e-con-boxed e-con e-parent\" data-id=\"a8f9c22\" data-element_type=\"container\" data-settings=\"{&quot;content_width&quot;:&quot;boxed&quot;}\" data-core-v316-plus=\"true\">\n\t\t\t\t\t<div class=\"e-con-inner\">\n\t\t\t\t<div class=\"elementor-element elementor-element-19f5e28 elementor-widget elementor-widget-heading\" data-id=\"19f5e28\" data-element_type=\"widget\" data-widget_type=\"heading.default\">\n\t\t\t\t<div class=\"elementor-widget-container\">\n\t\t\t<style>\/*! elementor - v3.19.0 - 07-02-2024 *\/\n.elementor-heading-title{padding:0;margin:0;line-height:1}.elementor-widget-heading .elementor-heading-title[class*=elementor-size-]>a{color:inherit;font-size:inherit;line-height:inherit}.elementor-widget-heading .elementor-heading-title.elementor-size-small{font-size:15px}.elementor-widget-heading .elementor-heading-title.elementor-size-medium{font-size:19px}.elementor-widget-heading .elementor-heading-title.elementor-size-large{font-size:29px}.elementor-widget-heading .elementor-heading-title.elementor-size-xl{font-size:39px}.elementor-widget-heading .elementor-heading-title.elementor-size-xxl{font-size:59px}<\/style><h2 class=\"elementor-heading-title elementor-size-default\">Impressum<\/h2>\t\t<\/div>\n\t\t\t\t<\/div>\n\t\t\t\t<div class=\"elementor-element elementor-element-534cc25 elementor-widget elementor-widget-text-editor\" data-id=\"534cc25\" data-element_type=\"widget\" data-widget_type=\"text-editor.default\">\n\t\t\t\t<div class=\"elementor-widget-container\">\n\t\t\t<style>\/*! elementor - v3.19.0 - 07-02-2024 *\/\n.elementor-widget-text-editor.elementor-drop-cap-view-stacked .elementor-drop-cap{background-color:#69727d;color:#fff}.elementor-widget-text-editor.elementor-drop-cap-view-framed .elementor-drop-cap{color:#69727d;border:3px solid;background-color:transparent}.elementor-widget-text-editor:not(.elementor-drop-cap-view-default) .elementor-drop-cap{margin-top:8px}.elementor-widget-text-editor:not(.elementor-drop-cap-view-default) .elementor-drop-cap-letter{width:1em;height:1em}.elementor-widget-text-editor .elementor-drop-cap{float:left;text-align:center;line-height:1;font-size:50px}.elementor-widget-text-editor .elementor-drop-cap-letter{display:inline-block}<\/style>\t\t\t\t<p><strong>Angaben gem\u00e4\u00df \u00a7 5 TMG\u00a0<\/strong><\/p><p>GASTRODINA GmbH<br \/>M\u00fchlenseite 6<br \/>34497 Korbach &#8211; Nieder-Ense<\/p><p>Vertreten durch:<br \/>Julian Dielenhein &amp; Kai Nasemann<\/p><p>Kontakt:<br \/>Telefon: 05631 9373856<br \/>E-Mail: info@gastrodina.de<\/p><p>Registereintrag:<br \/>Eintragung im Registergericht: Korbach<br \/>Registernummer: 2319<\/p><p>Verantwortlich f\u00fcr den Inhalt nach \u00a7 55 Abs. 2 RStV:<br \/>Julian Dielenhein \/ Kai Nasemann<br \/>M\u00fchlenseite 6<br \/>34497 Korbach &#8211; Nieder-Ense<\/p><p>Die Plattform der EU zur au\u00dfergerichtlichen Online-Streitbeilegung finden Sie hier:<\/p><p><strong> http:\/\/ec.europa.eu\/consumers\/odr\/<\/strong><\/p><p>\u00a0<\/p><p><strong>Haftungsausschluss:<\/strong><\/p><p><u>Haftung f\u00fcr Inhalte<\/u><\/p><p>Die Inhalte unserer Seiten wurden mit gr\u00f6\u00dfter Sorgfalt erstellt. F\u00fcr die Richtigkeit, Vollst\u00e4ndigkeit und Aktualit\u00e4t der Inhalte k\u00f6nnen wir jedoch keine Gew\u00e4hr \u00fcbernehmen. Als Diensteanbieter sind wir gem\u00e4\u00df \u00a7 7 Abs.1 TMG f\u00fcr eigene Inhalte auf diesen Seiten nach den allgemeinen Gesetzen verantwortlich. Nach \u00a7\u00a7 8 bis 10 TMG sind wir als Diensteanbieter jedoch nicht verpflichtet, \u00fcbermittelte oder gespeicherte fremde Informationen zu \u00fcberwachen oder nach Umst\u00e4nden zu forschen, die auf eine rechtswidrige T\u00e4tigkeit hinweisen. Verpflichtungen zur Entfernung oder Sperrung der Nutzung von Informationen nach den allgemeinen Gesetzen bleiben hiervon unber\u00fchrt. Eine diesbez\u00fcgliche Haftung ist jedoch erst ab dem Zeitpunkt der Kenntnis einer konkreten Rechtsverletzung m\u00f6glich. Bei Bekanntwerden von entsprechenden Rechtsverletzungen werden wir diese Inhalte umgehend entfernen.<\/p><p><u>Haftung f\u00fcr Links<\/u><\/p><p>Unser Angebot enth\u00e4lt Links zu externen Webseiten Dritter, auf deren Inhalte wir keinen Einfluss haben. Deshalb k\u00f6nnen wir f\u00fcr diese fremden Inhalte auch keine Gew\u00e4hr \u00fcbernehmen. F\u00fcr die Inhalte der verlinkten Seiten ist stets der jeweilige Anbieter oder Betreiber der Seiten verantwortlich. Die verlinkten Seiten wurden zum Zeitpunkt der Verlinkung auf m\u00f6gliche Rechtsverst\u00f6\u00dfe \u00fcberpr\u00fcft. Rechtswidrige Inhalte waren zum Zeitpunkt der Verlinkung nicht erkennbar. Eine permanente inhaltliche Kontrolle der verlinkten Seiten ist jedoch ohne konkrete Anhaltspunkte einer Rechtsverletzung nicht zumutbar. Bei Bekanntwerden von Rechtsverletzungen werden wir derartige Links umgehend entfernen.<\/p><p><u>Verwendete Bilder:<\/u><\/p><p>Envato Elements- Projekt DV<\/p><p>&#8211;\u00a0<a href=\"https:\/\/elements.envato.com\/de\/business-partners-meeting-in-office-lobby-7CBQK8L\">Treffen der Gesch\u00e4ftspartner in der B\u00fcrolobby<\/a><\/p><p>&#8211;\u00a0<a href=\"https:\/\/elements.envato.com\/de\/designer-showing-her-work-on-laptop-to-a-couple-po-YZYT5FQ\">Designerin zeigt einem Paar ihre Arbeit am Laptop, Portrait.<\/a><\/p><p><a href=\"https:\/\/elements.envato.com\/de\/man-and-woman-managers-talking-at-the-table-in-fro-KZ9G8ZB\">&#8211;\u00a0Manager und Managerinnen unterhalten sich am Tisch vor Laptop-Profis Technologie<\/a><\/p><p><a href=\"https:\/\/elements.envato.com\/de\/managers-talking-about-presentation-of-business-pr-6AJRYWZ\">&#8211;\u00a0Manager sprechen \u00fcber Pr\u00e4sentation eines Gesch\u00e4ftsprojekts<\/a><\/p><p><a href=\"https:\/\/elements.envato.com\/businesswomen-using-laptop-and-having-a-discussion-67F5QBE\">&#8211;\u00a0Gesch\u00e4ftsfrauen nutzen Laptop und diskutieren<\/a><\/p><p><u>Urheberrecht<\/u><\/p><p>Die durch die Seitenbetreiber erstellten Inhalte und Werke auf diesen Seiten unterliegen dem deutschen Urheberrecht. Die Vervielf\u00e4ltigung, Bearbeitung, Verbreitung und jede Art der Verwertung au\u00dferhalb der Grenzen des Urheberrechtes bed\u00fcrfen der schriftlichen Zustimmung des jeweiligen Autors bzw. Erstellers. Downloads und Kopien dieser Seite sind nur f\u00fcr den privaten, nicht kommerziellen Gebrauch gestattet. Soweit die Inhalte auf dieser Seite nicht vom Betreiber erstellt wurden, werden die Urheberrechte Dritter beachtet. Insbesondere werden Inhalte Dritter als solche gekennzeichnet. Sollten Sie trotzdem auf eine Urheberrechtsverletzung aufmerksam werden, bitten wir um einen entsprechenden Hinweis. Bei Bekanntwerden von Rechtsverletzungen werden wir derartige Inhalte umgehend entfernen.<\/p><p><u>Datenschutz<\/u><\/p><p>Die Nutzung unserer Webseite ist in der Regel ohne Angabe personenbezogener Daten m\u00f6glich. Soweit auf unseren Seiten personenbezogene Daten (beispielsweise Name, Anschrift oder eMail-Adressen) erhoben werden, erfolgt dies, soweit m\u00f6glich, stets auf freiwilliger Basis. Diese Daten werden ohne Ihre ausdr\u00fcckliche Zustimmung nicht an Dritte weitergegeben.<br \/>Wir weisen darauf hin, dass die Daten\u00fcbertragung im Internet (z.B. bei der Kommunikation per E-Mail) Sicherheitsl\u00fccken aufweisen kann.<\/p><p>Ein l\u00fcckenloser Schutz der Daten vor dem Zugriff durch Dritte ist nicht m\u00f6glich.<br \/>Der Nutzung von im Rahmen der Impressumspflicht ver\u00f6ffentlichten Kontaktdaten durch Dritte zur \u00dcbersendung von nicht ausdr\u00fccklich angeforderter Werbung und Informationsmaterialien wird hiermit ausdr\u00fccklich widersprochen. Die Betreiber der Seiten behalten sich ausdr\u00fccklich rechtliche Schritte im Falle der unverlangten Zusendung von Werbeinformationen, etwa durch Spam-Mails, vor.<\/p><p>Website Impressum erstellt durch impressum-generator.de von der Kanzlei Hasselbach<\/p>\t\t\t\t\t\t<\/div>\n\t\t\t\t<\/div>\n\t\t\t\t\t<\/div>\n\t\t\t\t<\/div>\n\t\t<div class=\"elementor-element elementor-element-643c8a4 e-flex e-con-boxed e-con e-parent\" data-id=\"643c8a4\" data-element_type=\"container\" data-settings=\"{&quot;content_width&quot;:&quot;boxed&quot;}\" data-core-v316-plus=\"true\">\n\t\t\t\t\t<div class=\"e-con-inner\">\n\t\t\t\t<div class=\"elementor-element elementor-element-a6895a1 elementor-widget elementor-widget-text-editor\" data-id=\"a6895a1\" data-element_type=\"widget\" data-widget_type=\"text-editor.default\">\n\t\t\t\t<div class=\"elementor-widget-container\">\n\t\t\t\t\t\t\t<p>made with \u2665<a href=\"https:\/\/i-see-you.online\" target=\"_blank\" rel=\"noopener\"> i-see-you.online<\/a><\/p>\t\t\t\t\t\t<\/div>\n\t\t\t\t<\/div>\n\t\t\t\t\t<\/div>\n\t\t\t\t<\/div>\n\t\t\t\t<\/div>\n\t\t","protected":false},"excerpt":{"rendered":"<p>Impressum Angaben gem\u00e4\u00df \u00a7 5 TMG\u00a0 GASTRODINA GmbHM\u00fchlenseite 634497 Korbach &#8211; Nieder-Ense Vertreten durch:Julian Dielenhein &amp; Kai Nasemann Kontakt:Telefon: 05631 9373856E-Mail: info@gastrodina.de Registereintrag:Eintragung im Registergericht: KorbachRegisternummer: 2319 Verantwortlich f\u00fcr den Inhalt nach \u00a7 55 Abs. 2 RStV:Julian Dielenhein \/ Kai NasemannM\u00fchlenseite 634497 Korbach &#8211; Nieder-Ense Die Plattform der EU zur au\u00dfergerichtlichen Online-Streitbeilegung finden Sie hier: [&hellip;]<\/p>\n","protected":false},"author":6,"featured_media":0,"parent":0,"menu_order":0,"comment_status":"closed","ping_status":"closed","template":"","meta":{"footnotes":""},"class_list":["post-371","page","type-page","status-publish","hentry"],"_links":{"self":[{"href":"https:\/\/vd-experts.de\/index.php?rest_route=\/wp\/v2\/pages\/371","targetHints":{"allow":["GET"]}}],"collection":[{"href":"https:\/\/vd-experts.de\/index.php?rest_route=\/wp\/v2\/pages"}],"about":[{"href":"https:\/\/vd-experts.de\/index.php?rest_route=\/wp\/v2\/types\/page"}],"author":[{"embeddable":true,"href":"https:\/\/vd-experts.de\/index.php?rest_route=\/wp\/v2\/users\/6"}],"replies":[{"embeddable":true,"href":"https:\/\/vd-experts.de\/index.php?rest_route=%2Fwp%2Fv2%2Fcomments&post=371"}],"version-history":[{"count":10,"href":"https:\/\/vd-experts.de\/index.php?rest_route=\/wp\/v2\/pages\/371\/revisions"}],"predecessor-version":[{"id":507,"href":"https:\/\/vd-experts.de\/index.php?rest_route=\/wp\/v2\/pages\/371\/revisions\/507"}],"wp:attachment":[{"href":"https:\/\/vd-experts.de\/index.php?rest_route=%2Fwp%2Fv2%2Fmedia&parent=371"}],"curies":[{"name":"wp","href":"https:\/\/api.w.org\/{rel}","templated":true}]}}